{"id":133,"date":"2023-11-06T18:23:23","date_gmt":"2023-11-06T21:23:23","guid":{"rendered":"http:\/\/passatoreconsultoria.com.br\/?page_id=133"},"modified":"2023-11-18T10:56:22","modified_gmt":"2023-11-18T13:56:22","slug":"inicial","status":"publish","type":"page","link":"http:\/\/passatoreconsultoria.com.br\/","title":{"rendered":"Inicial"},"content":{"rendered":"<div class=\"wp-block-image\">\n<figure class=\"aligncenter size-large is-resized\"><img decoding=\"async\" loading=\"lazy\" width=\"1024\" height=\"574\" src=\"http:\/\/passatoreconsultoria.com.br\/wp-content\/uploads\/2023\/11\/Cartao-1024x574.jpg\" alt=\"\" class=\"wp-image-192\" style=\"aspect-ratio:1.78397212543554;width:839px;height:auto\" srcset=\"http:\/\/passatoreconsultoria.com.br\/wp-content\/uploads\/2023\/11\/Cartao-1024x574.jpg 1024w, http:\/\/passatoreconsultoria.com.br\/wp-content\/uploads\/2023\/11\/Cartao-300x168.jpg 300w, http:\/\/passatoreconsultoria.com.br\/wp-content\/uploads\/2023\/11\/Cartao-768x430.jpg 768w, http:\/\/passatoreconsultoria.com.br\/wp-content\/uploads\/2023\/11\/Cartao.jpg 1280w\" sizes=\"(max-width: 1024px) 100vw, 1024px\" \/><\/figure><\/div>\n\n\n<h2 class=\"wp-block-heading alignwide has-text-align-center\" id=\"we-re-a-studio-in-berlin-with-an-international-practice-in-architecture-urban-planning-and-interior-design-we-believe-in-sharing-knowledge-and-promoting-dialogue-to-increase-the-creative-potential-of-collaboration\" style=\"font-size:48px;font-style:italic;font-weight:800;line-height:1.1\">Consultoria, Tecnologia, Desenvolvimento, Inova\u00e7\u00e3o, Formula\u00e7\u00f5es, Masterbatchs, Com\u00e9rcio, Representa\u00e7\u00f5es, Sustentabilidade, Nanopart\u00edculas, Projetos, Grafeno.<\/h2>\n","protected":false},"excerpt":{"rendered":"<p>Consultoria, Tecnologia, Desenvolvimento, Inova\u00e7\u00e3o, Formula\u00e7\u00f5es, Masterbatchs, Com\u00e9rcio, Representa\u00e7\u00f5es, Sustentabilidade, Nanopart\u00edculas, Projetos, Grafeno.<\/p>\n","protected":false},"author":1,"featured_media":0,"parent":0,"menu_order":0,"comment_status":"closed","ping_status":"closed","template":"templates\/template-page-full-width.php","meta":{"footnotes":""},"aioseo_notices":[],"_links":{"self":[{"href":"http:\/\/passatoreconsultoria.com.br\/index.php?rest_route=\/wp\/v2\/pages\/133"}],"collection":[{"href":"http:\/\/passatoreconsultoria.com.br\/index.php?rest_route=\/wp\/v2\/pages"}],"about":[{"href":"http:\/\/passatoreconsultoria.com.br\/index.php?rest_route=\/wp\/v2\/types\/page"}],"author":[{"embeddable":true,"href":"http:\/\/passatoreconsultoria.com.br\/index.php?rest_route=\/wp\/v2\/users\/1"}],"replies":[{"embeddable":true,"href":"http:\/\/passatoreconsultoria.com.br\/index.php?rest_route=%2Fwp%2Fv2%2Fcomments&post=133"}],"version-history":[{"count":19,"href":"http:\/\/passatoreconsultoria.com.br\/index.php?rest_route=\/wp\/v2\/pages\/133\/revisions"}],"predecessor-version":[{"id":249,"href":"http:\/\/passatoreconsultoria.com.br\/index.php?rest_route=\/wp\/v2\/pages\/133\/revisions\/249"}],"wp:attachment":[{"href":"http:\/\/passatoreconsultoria.com.br\/index.php?rest_route=%2Fwp%2Fv2%2Fmedia&parent=133"}],"curies":[{"name":"wp","href":"https:\/\/api.w.org\/{rel}","templated":true}]}}